is the tens digit of 72434?
3
What is the tens digit of 3835251?
5
What is the ten thousands digit of 262845?
6
What is the millions digit of 19746598?
9
What is the tens digit of 971517?
1
What is the tens digit of 3183432?
3
What is the tens digit of 1212852?
5
What is the tens digit of 1055847?
4
What is the thousands digit of 3967602?
7
What is the thousands digit of 99358?
9
What is the tens digit of 3732399?
9
What is the tens digit of 7670850?
5
What is the hundred thousands digit of 138221?
1
What is the thousands digit of 4322770?
2
What is the tens digit of 1276812?
1
What is the ten thousands digit of 440583?
4
What is the units digit of 65322?
2
What is the tens digit of 246367?
6
What is the hundred thousands digit of 5001501?
0
What is the hundred thousands digit of 5389176?
3
What is the hundreds digit of 4400122?
1
What is the hundred thousands digit of 1189606?
1
What is the units digit of 114910?
0
What is the hundreds digit of 29426492?
4
What is the thousands digit of 2731168?
1
What is the millions digit of 1209215?
1
What is the hundreds digit of 1623283?
2
What is the thousands digit of 72824?
2
What is the hundred thousands digit of 876287?
8
What is the thousands digit of 3099938?
9
What is the hundred thousands digit of 28823890?
8
What is the hundreds digit of 3032908?
9
What is the units digit of 3670701?
1
What is the tens digit of 8790642?
4
What is the hundred thousands digit of 358281?
3
What is the tens digit of 357416?
1
What is the hundreds digit of 23566618?
6
What is the hundreds digit of 3274192?
1
What is the millions digit of 11797575?
1
What is the tens digit of 14294?
9
What is the hundred thousands digit of 780992?
7
What is the hundred thousands digit of 4756353?
7
What is the ten thousands digit of 21672859?
7
What is the hundreds digit of 222978?
9
What is the hundred thousands digit of 3916034?
9
What is the units digit of 1534894?
4
What is the thousands digit of 88713?
8
What is the tens digit of 407199?
9
What is the units digit of 1267917?
7
What is the units digit of 127196?
6
What is the thousands digit of 634309?
4
What is the ten thousands digit of 108007?
0
What is the thousands digit of 16489147?
9
What is the units digit of 22315788?
8
What is the tens digit of 2645464?
6
What is the tens digit of 278472?
7
What is the hundreds digit of 2255829?
8
What is the hundreds digit of 6386637?
6
What is the tens digit of 1581625?
2
What is the thousands digit of 936427?
6
What is the hundreds digit of 150190?
1
What is the thousands digit of 1007682?
7
What is the units digit of 229818?
8
What is the units digit of 1108296?
6
What is the ten thousands digit of 135930?
3
What is the ten thousands digit of 50144?
5
What is the hundreds digit of 4896058?
0
What is the hundred thousands digit of 7049499?
0
What is the tens digit of 12790096?
9
What is the hundreds digit of 857505?
5
What is the hundreds digit of 24518590?
5
What is the thousands digit of 19205985?
5
What is the tens digit of 380431?
3
What is the millions digit of 9726213?
9
What is the hundred thousands digit of 12778603?
7
What is the units digit of 339626?
6
What is the units digit of 113013?
3
What is the hundreds digit of 3244955?
9
What is the thousands digit of 7062334?
2
What is the thousands digit of 39680?
9
What is the ten thousands digit of 819811?
1
What is the ten thousands digit of 350023?
5
What is the units digit of 3566857?
7
What is the ten thousands digit of 40739221?
3
What is the thousands digit of 739495?
9
What is the millions digit of 18952277?
8
What is the tens digit of 2231857?
5
What is the hundreds digit of 426704?
7
What is the units digit of 15265767?
7
What is the tens digit of 3087146?
4
What is the hundreds digit of 527536?
5
What is the hundreds digit of 1559777?
7
What is the ten millions digit of 23418015?
2
What is the tens digit of 666326?
2
What is the tens digit of 1441005?
0
What is the hundreds digit of 564760?
7
What is the units digit of 6236757?
7
What is the thousands digit of 241394?
1
What is the units digit of 1467572?
2
What is the hundred thousands digit of 7647545?
6
What is the units digit of 135652?
2
What is the ten thousands digit of 707869?
0
What is the units digit of 2279545?
5
What is the ten millions digit of 11745680?
1
What is the units digit of 291138?
8
What is the ten millions digit of 11438932?
1
What is the tens digit of 1691913?
1
What is the units digit of 3224584?
4
What is the hundred thousands digit of 3726642?
7
What is the hundred thousands digit of 168463?
1
What is the hundred thousands digit of 371139?
3
What is the units digit of 751269?
9
What is the thousands digit of 155526?
5
What is the tens digit of 967852?
5
What is the thousands digit of 1580172?
0
What is the units digit of 24079?
9
What is the units digit of 130357?
7
What is the hundreds digit of 4243791?
7
What is the units digit of 1240820?
0
What is the ten thousands digit of 2807284?
0
What is the thousands digit of 7130590?
0
What is the millions digit of 9975191?
9
What is the hundred thousands digit of 782524?
7
What is the ten thousands digit of 978937?
7
What is the units digit of 223311?
1
What is the ten thousands digit of 5685369?
8
What is the hundred thousands digit of 133617?
1
What is the tens digit of 285983?
8
What is the hundred thousands digit of 9681066?
6
What is the hundred thousands digit of 22949544?
9
What is the units digit of 4777208?
8
What is the tens digit of 7102820?
2
What is the hundred thousands digit of 381524?
3
What is the hundreds digit of 16594689?
6
What is the tens digit of 3455096?
9
What is the hundreds digit of 13810520?
5
What is the ten thousands digit of 8325882?
2
What is the hundreds digit of 122989?
9
What is the tens digit of 180495?
9
What is the ten millions digit of 10828292?
1
What is the hundreds digit of 311611?
6
What is the units digit of 1097602?
2
What is the units digit of 933038?
8
What is the hundreds digit of 117331?
3
What is the units digit of 988153?
3
What is the thousands digit of 544073?
4
What is the ten thousands digit of 193086?
9
What is the thousands digit of 1299968?
9
What is the hundreds digit of 1915232?
2
What is the units digit of 730032?
2
What is the thousands digit of 2619388?
9
What is the units digit of 2483295?
5
What is the tens digit of 3340685?
8
What is the hundred thousands digit of 2329999?
3
What is the thousands digit of 207846?
7
What is the units digit of 96880?
0
What is the hundreds digit of 391925?
9
What is the tens digit of 9913101?
0
What is the millions digit of 2295255?
2
What is the tens digit of 334164?
6
What is the tens digit of 173088?
8
What is the millions digit of 1399940?
1
What is the ten thousands digit of 1813566?
1
What is the ten millions digit of 13307128?
1
What is the hundreds digit of 336428?
4
What is the units digit of 3103596?
6
What is the thousands digit of 21676420?
6
What is the thousands digit of 2813275?
3
What is the thousands digit of 3958961?
8
What is the ten thousands digit of 2724525?
2
What is the ten thousands digit of 434965?
3
What is the hundreds digit of 387262?
2
What is the tens digit of 765838?
3
What is the units digit of 652797?
7
What is the tens digit of 2529102?
0
What is the units digit of 528019?
9
What is the millions digit of 1345004?
1
What is the thousands digit of 11488133?
8
What is the tens digit of 192706?
0
What is the thousands digit of 1118615?
8
What is the thousands digit of 944625?
4
What is the tens digit of 36692?
9
What is the hundreds digit of 5624591?
5
What is the thousands digit of 937858?
7
What is the hundreds digit of 3269619?
6
What is the millions digit of 2238580?
2
What is the tens digit of 6790849?
4
What is the units digit of 290494?
4
What is the hundreds digit of 64732?
7
What is the tens digit of 498358?
5
What is the thousands digit of 1680226?
0
What is the hundreds digit of 760039?
0
What is the units digit of 298017?
7
What is the hundred thousands digit of 3016966?
0
What is the millions digit of 8284284?
8
What is the hundred thousands digit of 2280447?
2
What is the thousands digit of 1439401?
9
What is the hundreds digit of 1702658?
6
What is the tens digit of 158121?
2
What is the units digit